{"id":1344,"date":"2015-05-15T13:40:04","date_gmt":"2015-05-15T11:40:04","guid":{"rendered":"http:\/\/www.scuolanobel.it\/?page_id=1344"},"modified":"2025-05-12T15:46:56","modified_gmt":"2025-05-12T13:46:56","slug":"recupero-anni-scolastici-roma","status":"publish","type":"page","link":"https:\/\/www.scuolanobel.it\/index.php\/recupero-anni-scolastici-roma\/","title":{"rendered":"Recupero anni scolastici"},"content":{"rendered":"<h2>Gli esami nella scuola secondaria di Secondo Grado &#8211;\u00a0Come si fa a recuperare anni scolastici?<\/h2>\n<p style=\"text-align: justify;\"><img loading=\"lazy\" decoding=\"async\" class=\"size-medium wp-image-2282 alignleft\" style=\"padding-top: 10px;\" src=\"https:\/\/www.scuolanobel.it\/wp-content\/uploads\/2015\/05\/01_recupero_anni-300x200.jpg\" alt=\"Recupero anni scolastici\" width=\"300\" height=\"200\" srcset=\"https:\/\/www.scuolanobel.it\/wp-content\/uploads\/2015\/05\/01_recupero_anni-300x200.jpg 300w, https:\/\/www.scuolanobel.it\/wp-content\/uploads\/2015\/05\/01_recupero_anni-768x512.jpg 768w, https:\/\/www.scuolanobel.it\/wp-content\/uploads\/2015\/05\/01_recupero_anni.jpg 800w\" sizes=\"(max-width: 300px) 100vw, 300px\" \/>Recupero anni scolastici come \u00e8 possibile farlo? Esistono varie tipologie di esame nell\u2019ambito della scuola secondaria di secondo grado: gli <strong>ESAMI DI IDONEITA<\/strong>\u2019 (<span style=\"text-decoration: underline;\">attraverso i quali si possono recuperare gli anni scolastici persi<\/span>), gli <strong>ESAMI INTEGRATIVI<\/strong> (attraverso i quali si pu\u00f2 cambiare indirizzo di studio), gli <strong>ESAMI PRELIMINARI <\/strong>(sostenuti dai candidati privatisti agli Esami di Stato) e gli <strong>ESAMI DI STATO<\/strong> (sostenuti a conclusione della scuola secondaria di secondo grado sia dagli alunni interni dell\u2019ultimo anno di corso sia dai candidati privatisti che abbiano superato l\u2019esame preliminare).<\/p>\n<p style=\"text-align: justify;\">Per sostenere ognuno di questi esami l\u2019alunno interno o il candidato privatista deve presentare apposita istanza, al fine di sostenere gli esami di idoneit\u00e0 e gli esami integrativi l\u2019alunno o la sua famiglia (in caso l\u2019interessato non abbia raggiunto la maggiore et\u00e0) debbono presentare istanza al Dirigente Scolastico della scuola prescelta per sostenere gli esami di cui sopra, con la differenza che l\u2019esame integrativo \u00e8 subordinato alla richiesta di iscrizione nella scuola stessa.<\/p>\n<p style=\"text-align: justify;\">Per sostenere gli esami preliminari e gli Esami di Stato il candidato deve presentare istanza al Direttore Generale dell\u2019Ufficio Scolastico Regionale della regione di residenza (ai sensi di quanto previsto dalla Legge n.1\/2007).<\/p>\n<p align=\"center\"><strong><em>GLI ESAMI DI IDONEITA\u2019<\/em><\/strong><\/p>\n<p style=\"text-align: justify;\">Gli esami di idoneit\u00e0 sono comunemente definiti \u201cesami verticali\u201d in quanto permettono il recupero anni scolastici e possono essere sostenuti per acquisire il titolo di accesso alla classe che si intende frequentare nell\u2019anno scolastico successivo a quello dell\u2019esame.<\/p>\n<p style=\"text-align: justify;\"><strong><em>Le domande di ammissione agli esami di idoneit\u00e0 devono essere presentate, nella sede prescelta, ad un solo istituto e <\/em><\/strong><strong><em>debbono pervenire al Dirigente Scolastico della scuola prescelta come sede d\u2019esame entro la data indicata dalla Circolare Ministeriale sulle iscrizioni<strong>[1]<\/strong> <\/em><\/strong><em>(ai sensi di quanto previsto dall\u2019O.M. n. 90\/2001 Art. 18, comma 1 e 2).<\/em><\/p>\n<p style=\"text-align: justify;\">La sessione degli esami di idoneit\u00e0 ha inizio nel giorno stabilito dal dirigente scolastico, sentito il Collegio dei docenti. <strong><em>Tali esami si svolgono di norma nel mese di giugno e comunque prima dell\u2019inizio delle lezioni dell\u2019anno scolastico successivo <\/em><\/strong><em>(ai sensi di quanto previsto dall\u2019O.M. n.<\/em> 90\/2001 Art. 18, comma 7 ed 8).<\/p>\n<p style=\"text-align: justify;\">L\u2019esame di idoneit\u00e0 pu\u00f2 essere sostenuto, secondo le disposizioni della vigente normativa scolastica, sia dagli alunni interni di un istituto sia dai candidati privatisti (gli alunni interni sono gli alunni che risultano iscritti\u00a0 ad una classe della scuola secondaria di secondo grado, gli alunni privatisti sono alunni esterni all\u2019istituto che non hanno perfezionato alcuna iscrizione presso l\u2019istituto stesso). Esistono dei precisi requisiti (previsti dal Decreto Legislativo 297\/1994 &#8211; Art. 193 e dall\u2019O.M. 90\/2001 \u2013 Art. 19) per accedere all\u2019esame di idoneit\u00e0, il primo di essi riguarda la data e l\u2019anno scolastico di conseguimento del Diploma di Licenza Media:<\/p>\n<p style=\"text-align: justify;\">&#8211;\u00a0\u00a0\u00a0\u00a0\u00a0\u00a0\u00a0\u00a0\u00a0 <strong><em>L&#8217;ammissione agli esami di idoneit\u00e0 \u00e8 subordinata all&#8217;avvenuto conseguimento, da parte dei candidati privatisti, della licenza della scuola media tanti anni prima quanti ne occorrono per il normale corso degli studi al fine di essere ammessi alla classe richiesta (intervallo prescritto). <\/em><\/strong><em>In altri termini, un candidato che abbia conseguito il Diploma di Licenza Media nell\u2019anno scolastico 2013\/14 potr\u00e0 sostenere nell\u2019anno scolastico 2014\/15 l\u2019idoneit\u00e0 alla classe II, nell\u2019anno scolastico 2015\/16 l\u2019idoneit\u00e0 alla classe III, nell\u2019anno scolastico 2016\/17 l\u2019idoneit\u00e0 alla classe IV e nell\u2019anno scolastico 2017\/18 l\u2019idoneit\u00e0 alla classe V. <\/em><\/p>\n<p style=\"text-align: justify;\">&#8211;\u00a0\u00a0\u00a0\u00a0\u00a0\u00a0\u00a0\u00a0\u00a0 <strong><em>Sono dispensati dall&#8217;obbligo dell&#8217;intervallo prescritto dal conseguimento della licenza di scuola media i candidati che abbiano compiuto <span style=\"text-decoration: underline;\">il diciottesimo anno di et\u00e0<\/span> il giorno precedente quello dell&#8217;inizio delle prove scritte degli esami di idoneit\u00e0; coloro che, nell&#8217;anno in corso, abbiano compiuto o compiano <span style=\"text-decoration: underline;\">il ventitreesimo anno di et\u00e0<\/span> sono altres\u00ec dispensati dalla presentazione di qualsiasi titolo di studio inferiore.<\/em><\/strong><\/p>\n<p style=\"text-align: justify;\"><strong>Relativamente agli alunni interni<\/strong>: <em>Possono partecipare agli esami di idoneit\u00e0 gli alunni interni che intendono sostenere esami di idoneit\u00e0 per la classe immediatamente superiore a quella successiva alla classe da essi frequentata, purch\u00e9 siano stati promossi nello scrutinio finale e subordinatamente alla decorrenza dell&#8217;intervallo prescritto (in altri termini gli alunni interni possono effettuare il recupero di un anno scolastico).<\/em>\u00a0 Questa pu\u00f2 essere la condizione di uno studente che abbia perso uno o pi\u00f9 anni, in passato. Da questo punto di vista \u00e8 di particolare importanza sottolineare che <strong><em>sono considerati candidati esterni anche gli alunni interni che cessino di frequentare la scuola prima del 15 marzo. <\/em><\/strong><\/p>\n<div>\n<hr align=\"left\" size=\"1\" width=\"33%\" \/>\n<div>\n<p style=\"text-align: justify; font-size: x-small;\">[1] A titolo esemplificativo, nell\u2019anno scolastico 2014\/15 la Circolare Ministeriale n. 51 del 18\/12\/2014 stabilisce come termine delle iscrizione il 15 febbraio 2015, quindi, la domanda per sostenere l\u2019esame di idoneit\u00e0 nel mese di giugno 2015 dovr\u00e0 essere inoltrata alla scuola prescelta entro il termine precedentemente menzionato.<\/p>\n<p style=\"text-align: justify;\"><strong>Relativamente agli alunni privatisti<\/strong>: <em>Non esistono vincoli analoghi a quello di cui sopra e relativo agli alunni interni e, conseguentemente, possono recuperare nel medesimo anno scolastico da uno a quattro anni di scuola secondaria di secondo grado, fermo restando l\u2019obbligo di rispettare l\u2019intervallo prescritto dal conseguimento della Licenza Media o il compimento del diciottesimo anno d\u2019et\u00e0 almeno il giorno precedente all\u2019inizio delle prove scritte degli esami di idoneit\u00e0.<\/em><\/p>\n<p style=\"text-align: justify;\" align=\"center\"><strong>GLI ESAMI INTEGRATIVI<\/strong><\/p>\n<p style=\"text-align: justify;\">Gli esami integrativi sono comunemente definiti \u201cesami orizzontali\u201d in quanto non permettono il recupero anni scolastici come gli esami di idoneit\u00e0, bens\u00ec permettono di cambiare indirizzo di studio, passando da una classe che si ha titolo di frequentare in un indirizzo di studi alla medesima classe di altro indirizzo di studi.<\/p>\n<p style=\"text-align: justify;\"><strong><em>Gli esami integrativi permettono ad uno studente gi\u00e0 iscritto ad una scuola secondaria di II grado il passaggio a scuole di diverso ordine, tipo o indirizzo.<\/em><\/strong> Riguardano le materie, o parti di materie, non comprese nel corso di studio di provenienza relative a tutti gli anni gi\u00e0 frequentati.<\/p>\n<p style=\"text-align: justify;\"><strong><em>Ai sensi dell\u2019O.M. 90\/2001, Art. 24, gli alunni ed i candidati promossi\u00a0 in sede di scrutinio finale o di\u00a0 esami di idoneit\u00e0 a classi di istituti di istruzione secondaria superiore possono sostenere, in un&#8217;apposita\u00a0 sessione speciale e con\u00a0 le modalit\u00e0 di cui ai precedenti articoli, esami integrativi per classi corrispondenti di scuola di diverso ordine, tipo o indirizzo su materie\u00a0 o parti di materie non comprese nei programmi del corso di studio di provenienza.\u00a0 Detta sessione\u00a0 deve avere termine prima dell&#8217;inizio delle lezioni dell\u2019anno scolastico successivo (come previsto anche dal <\/em><\/strong><a href=\"http:\/\/www.edscuola.it\/archivio\/norme\/decreti\/dlvo297_94.html\"><strong><em>Decreto Legislativo 16 aprile 1994, n. 297<\/em><\/strong><\/a><strong><em> \u2013 Art. 193, comma 5) .<\/em><\/strong><\/p>\n<p style=\"text-align: justify;\">Gli\u00a0 alunni\u00a0 che non hanno conseguito\u00a0 la\u00a0 promozione o l&#8217;idoneit\u00e0 alle classi su indicate possono sostenere in scuole\u00a0 di diverso ordine, tipo o indirizzo, esami integrativi soltanto per classe corrispondente a quella\u00a0 frequentata con esito negativo; analogamente i candidati esterni che\u00a0 non hanno conseguito l&#8217;idoneit\u00e0 possono sostenere gli esami integrativi soltanto per classe corrispondente a quella cui d\u00e0 accesso il titolo di studio posseduto.<\/p>\n<p style=\"text-align: justify;\">Per gli studenti che rientrano nell\u2019obbligo di istruzione, ai sensi di quanto previsto dal D.M. 139\/07, gli esami integrativi di cui sopra sono previsti esclusivamente\u00a0 per gli alunni che richiedano l\u2019iscrizione alla classe terza o alle classi successive. Gli studenti del primo biennio possono cambiare indirizzo di studio \u00a0anche <em>in itinere<\/em> e di norma entro la fine del primo quadrimestre, senza la necessit\u00e0 di sostenere un vero e proprio esame integrativo, ma un colloquio al cospetto del competente Consiglio di Classe che, dopo un\u2019attenta analisi delle programmazioni svolte ed eventualmente della certificazione delle competenze del discente, pu\u00f2 prevedere\u00a0 eventuali interventi didattici integrativi (da svolgersi in orario extracurricolare).<\/p>\n<p style=\"text-align: justify;\">Ci\u00f2 sulla base dell\u2019<strong><em>equivalenza formativa di tutti i percorsi di studio del biennio della scuola secondaria (Art. 2, comma 2, D.M. 139\/07).<\/em><\/strong> Il <a href=\"http:\/\/www.edscuola.it\/archivio\/norme\/decreti\/regolamento_obbligo.pdf\">Regolamento recante norme in materia di adempimento dell\u2019obbligo di istruzione DM 139\/07 <\/a>evidenzia la caratteristica di flessibilit\u00e0 dei percorsi scolastici ed anche <a href=\"http:\/\/www.edscuola.it\/archivio\/norme\/programmi\/lineeguida_obbligo.pdf\">le Linee guida per l\u2019innalzamento dell\u2019obbligo di istruzione<\/a> invitano ad utilizzare la flessibilit\u00e0 per \u201c<em>favorire eventuali passaggi tra percorsi di studio diversi<\/em>\u201d, in quanto la valutazione e la certificazione hanno \u201c<em>l\u2019obiettivo prioritario di sostenere i processi di apprendimento dei giovani e il loro orientamento, anche ai fini di facilitare i passaggi tra i diversi ordini e indirizzi di studio, allo scopo di far conseguire un diploma di istruzione secondaria superiore o almeno una qualifica professionale a tutti i giovani entro il 18\u00b0 anno di et\u00e0<\/em>. La <a href=\"http:\/\/www.edscuola.it\/archivio\/norme\/leggi\/l053_03.pdf\">L 53\/03<\/a> all\u2019art. 2 lettera i) prevede che debba essere \u201c<em>assicurata e assistita<\/em>\u201d la possibilit\u00e0 di cambiare indirizzo scolastico mediante \u201c<em>apposite iniziative didattiche, finalizzate all\u2019acquisizione di una<\/em> <em>preparazione adeguata alla nuova scelta<\/em>\u201d.<\/p>\n<h2 style=\"text-align: justify;\">Recupero anni scolastici Roma e provincia.<\/h2>\n<p>Recupero anni scolastici Roma e provincia come \u00e8 possbile farlo? Recuperare una bocciatura \u00e8 possibile grazie agli esami di idoneit\u00e0. Scopri come.\u00a0\u00a0Come si fa a recuperare gli anni scolastici?<\/p>\n<\/div>\n<\/div>\n","protected":false},"excerpt":{"rendered":"<p>Gli esami nella scuola secondaria di Secondo Grado &#8211;\u00a0Come si fa a recuperare anni scolastici? Recupero anni scolastici come \u00e8 possibile farlo? Esistono varie tipologie di esame nell\u2019ambito della scuola&#8230; <\/p>\n","protected":false},"author":1,"featured_media":0,"parent":0,"menu_order":0,"comment_status":"closed","ping_status":"closed","template":"","meta":{"footnotes":""},"_links":{"self":[{"href":"https:\/\/www.scuolanobel.it\/index.php\/wp-json\/wp\/v2\/pages\/1344"}],"collection":[{"href":"https:\/\/www.scuolanobel.it\/index.php\/wp-json\/wp\/v2\/pages"}],"about":[{"href":"https:\/\/www.scuolanobel.it\/index.php\/wp-json\/wp\/v2\/types\/page"}],"author":[{"embeddable":true,"href":"https:\/\/www.scuolanobel.it\/index.php\/wp-json\/wp\/v2\/users\/1"}],"replies":[{"embeddable":true,"href":"https:\/\/www.scuolanobel.it\/index.php\/wp-json\/wp\/v2\/comments?post=1344"}],"version-history":[{"count":21,"href":"https:\/\/www.scuolanobel.it\/index.php\/wp-json\/wp\/v2\/pages\/1344\/revisions"}],"predecessor-version":[{"id":3697,"href":"https:\/\/www.scuolanobel.it\/index.php\/wp-json\/wp\/v2\/pages\/1344\/revisions\/3697"}],"wp:attachment":[{"href":"https:\/\/www.scuolanobel.it\/index.php\/wp-json\/wp\/v2\/media?parent=1344"}],"curies":[{"name":"wp","href":"https:\/\/api.w.org\/{rel}","templated":true}]}}

<h2>Gli esami nella scuola secondaria di Secondo Grado &#8211; Come si fa a recuperare anni scolastici?</h2>
<p style="text-align: justify;"><img loading="lazy" decoding="async" class="size-medium wp-image-2282 alignleft" style="padding-top: 10px;" src="https://www.scuolanobel.it/wp-content/uploads/2015/05/01_recupero_anni-300x200.jpg" alt="Recupero anni scolastici" width="300" height="200" srcset="https://www.scuolanobel.it/wp-content/uploads/2015/05/01_recupero_anni-300x200.jpg 300w, https://www.scuolanobel.it/wp-content/uploads/2015/05/01_recupero_anni-768x512.jpg 768w, https://www.scuolanobel.it/wp-content/uploads/2015/05/01_recupero_anni.jpg 800w" sizes="(max-width: 300px) 100vw, 300px" />Recupero anni scolastici come è possibile farlo? Esistono varie tipologie di esame nell’ambito della scuola secondaria di secondo grado: gli <strong>ESAMI DI IDONEITA</strong>’ (<span style="text-decoration: underline;">attraverso i quali si possono recuperare gli anni scolastici persi</span>), gli <strong>ESAMI INTEGRATIVI</strong> (attraverso i quali si può cambiare indirizzo di studio), gli <strong>ESAMI PRELIMINARI </strong>(sostenuti dai candidati privatisti agli Esami di Stato) e gli <strong>ESAMI DI STATO</strong> (sostenuti a conclusione della scuola secondaria di secondo grado sia dagli alunni interni dell’ultimo anno di corso sia dai candidati privatisti che abbiano superato l’esame preliminare).</p>
<p style="text-align: justify;">Per sostenere ognuno di questi esami l’alunno interno o il candidato privatista deve presentare apposita istanza, al fine di sostenere gli esami di idoneità e gli esami integrativi l’alunno o la sua famiglia (in caso l’interessato non abbia raggiunto la maggiore età) debbono presentare istanza al Dirigente Scolastico della scuola prescelta per sostenere gli esami di cui sopra, con la differenza che l’esame integrativo è subordinato alla richiesta di iscrizione nella scuola stessa.</p>
<p style="text-align: justify;">Per sostenere gli esami preliminari e gli Esami di Stato il candidato deve presentare istanza al Direttore Generale dell’Ufficio Scolastico Regionale della regione di residenza (ai sensi di quanto previsto dalla Legge n.1/2007).</p>
<p align="center"><strong><em>GLI ESAMI DI IDONEITA’</em></strong></p>
<p style="text-align: justify;">Gli esami di idoneità sono comunemente definiti “esami verticali” in quanto permettono il recupero anni scolastici e possono essere sostenuti per acquisire il titolo di accesso alla classe che si intende frequentare nell’anno scolastico successivo a quello dell’esame.</p>
<p style="text-align: justify;"><strong><em>Le domande di ammissione agli esami di idoneità devono essere presentate, nella sede prescelta, ad un solo istituto e </em></strong><strong><em>debbono pervenire al Dirigente Scolastico della scuola prescelta come sede d’esame entro la data indicata dalla Circolare Ministeriale sulle iscrizioni<strong>[1]</strong> </em></strong><em>(ai sensi di quanto previsto dall’O.M. n. 90/2001 Art. 18, comma 1 e 2).</em></p>
<p style="text-align: justify;">La sessione degli esami di idoneità ha inizio nel giorno stabilito dal dirigente scolastico, sentito il Collegio dei docenti. <strong><em>Tali esami si svolgono di norma nel mese di giugno e comunque prima dell’inizio delle lezioni dell’anno scolastico successivo </em></strong><em>(ai sensi di quanto previsto dall’O.M. n.</em> 90/2001 Art. 18, comma 7 ed 8).</p>
<p style="text-align: justify;">L’esame di idoneità può essere sostenuto, secondo le disposizioni della vigente normativa scolastica, sia dagli alunni interni di un istituto sia dai candidati privatisti (gli alunni interni sono gli alunni che risultano iscritti  ad una classe della scuola secondaria di secondo grado, gli alunni privatisti sono alunni esterni all’istituto che non hanno perfezionato alcuna iscrizione presso l’istituto stesso). Esistono dei precisi requisiti (previsti dal Decreto Legislativo 297/1994 &#8211; Art. 193 e dall’O.M. 90/2001 – Art. 19) per accedere all’esame di idoneità, il primo di essi riguarda la data e l’anno scolastico di conseguimento del Diploma di Licenza Media:</p>
<p style="text-align: justify;">&#8211;          <strong><em>L&#8217;ammissione agli esami di idoneità è subordinata all&#8217;avvenuto conseguimento, da parte dei candidati privatisti, della licenza della scuola media tanti anni prima quanti ne occorrono per il normale corso degli studi al fine di essere ammessi alla classe richiesta (intervallo prescritto). </em></strong><em>In altri termini, un candidato che abbia conseguito il Diploma di Licenza Media nell’anno scolastico 2013/14 potrà sostenere nell’anno scolastico 2014/15 l’idoneità alla classe II, nell’anno scolastico 2015/16 l’idoneità alla classe III, nell’anno scolastico 2016/17 l’idoneità alla classe IV e nell’anno scolastico 2017/18 l’idoneità alla classe V. </em></p>
<p style="text-align: justify;">&#8211;          <strong><em>Sono dispensati dall&#8217;obbligo dell&#8217;intervallo prescritto dal conseguimento della licenza di scuola media i candidati che abbiano compiuto <span style="text-decoration: underline;">il diciottesimo anno di età</span> il giorno precedente quello dell&#8217;inizio delle prove scritte degli esami di idoneità; coloro che, nell&#8217;anno in corso, abbiano compiuto o compiano <span style="text-decoration: underline;">il ventitreesimo anno di età</span> sono altresì dispensati dalla presentazione di qualsiasi titolo di studio inferiore.</em></strong></p>
<p style="text-align: justify;"><strong>Relativamente agli alunni interni</strong>: <em>Possono partecipare agli esami di idoneità gli alunni interni che intendono sostenere esami di idoneità per la classe immediatamente superiore a quella successiva alla classe da essi frequentata, purché siano stati promossi nello scrutinio finale e subordinatamente alla decorrenza dell&#8217;intervallo prescritto (in altri termini gli alunni interni possono effettuare il recupero di un anno scolastico).</em>  Questa può essere la condizione di uno studente che abbia perso uno o più anni, in passato. Da questo punto di vista è di particolare importanza sottolineare che <strong><em>sono considerati candidati esterni anche gli alunni interni che cessino di frequentare la scuola prima del 15 marzo. </em></strong></p>
<div>
<hr align="left" size="1" width="33%" />
<div>
<p style="text-align: justify; font-size: x-small;">[1] A titolo esemplificativo, nell’anno scolastico 2014/15 la Circolare Ministeriale n. 51 del 18/12/2014 stabilisce come termine delle iscrizione il 15 febbraio 2015, quindi, la domanda per sostenere l’esame di idoneità nel mese di giugno 2015 dovrà essere inoltrata alla scuola prescelta entro il termine precedentemente menzionato.</p>
<p style="text-align: justify;"><strong>Relativamente agli alunni privatisti</strong>: <em>Non esistono vincoli analoghi a quello di cui sopra e relativo agli alunni interni e, conseguentemente, possono recuperare nel medesimo anno scolastico da uno a quattro anni di scuola secondaria di secondo grado, fermo restando l’obbligo di rispettare l’intervallo prescritto dal conseguimento della Licenza Media o il compimento del diciottesimo anno d’età almeno il giorno precedente all’inizio delle prove scritte degli esami di idoneità.</em></p>
<p style="text-align: justify;" align="center"><strong>GLI ESAMI INTEGRATIVI</strong></p>
<p style="text-align: justify;">Gli esami integrativi sono comunemente definiti “esami orizzontali” in quanto non permettono il recupero anni scolastici come gli esami di idoneità, bensì permettono di cambiare indirizzo di studio, passando da una classe che si ha titolo di frequentare in un indirizzo di studi alla medesima classe di altro indirizzo di studi.</p>
<p style="text-align: justify;"><strong><em>Gli esami integrativi permettono ad uno studente già iscritto ad una scuola secondaria di II grado il passaggio a scuole di diverso ordine, tipo o indirizzo.</em></strong> Riguardano le materie, o parti di materie, non comprese nel corso di studio di provenienza relative a tutti gli anni già frequentati.</p>
<p style="text-align: justify;"><strong><em>Ai sensi dell’O.M. 90/2001, Art. 24, gli alunni ed i candidati promossi  in sede di scrutinio finale o di  esami di idoneità a classi di istituti di istruzione secondaria superiore possono sostenere, in un&#8217;apposita  sessione speciale e con  le modalità di cui ai precedenti articoli, esami integrativi per classi corrispondenti di scuola di diverso ordine, tipo o indirizzo su materie  o parti di materie non comprese nei programmi del corso di studio di provenienza.  Detta sessione  deve avere termine prima dell&#8217;inizio delle lezioni dell’anno scolastico successivo (come previsto anche dal </em></strong><a href="http://www.edscuola.it/archivio/norme/decreti/dlvo297_94.html"><strong><em>Decreto Legislativo 16 aprile 1994, n. 297</em></strong></a><strong><em> – Art. 193, comma 5) .</em></strong></p>
<p style="text-align: justify;">Gli  alunni  che non hanno conseguito  la  promozione o l&#8217;idoneità alle classi su indicate possono sostenere in scuole  di diverso ordine, tipo o indirizzo, esami integrativi soltanto per classe corrispondente a quella  frequentata con esito negativo; analogamente i candidati esterni che  non hanno conseguito l&#8217;idoneità possono sostenere gli esami integrativi soltanto per classe corrispondente a quella cui dà accesso il titolo di studio posseduto.</p>
<p style="text-align: justify;">Per gli studenti che rientrano nell’obbligo di istruzione, ai sensi di quanto previsto dal D.M. 139/07, gli esami integrativi di cui sopra sono previsti esclusivamente  per gli alunni che richiedano l’iscrizione alla classe terza o alle classi successive. Gli studenti del primo biennio possono cambiare indirizzo di studio  anche <em>in itinere</em> e di norma entro la fine del primo quadrimestre, senza la necessità di sostenere un vero e proprio esame integrativo, ma un colloquio al cospetto del competente Consiglio di Classe che, dopo un’attenta analisi delle programmazioni svolte ed eventualmente della certificazione delle competenze del discente, può prevedere  eventuali interventi didattici integrativi (da svolgersi in orario extracurricolare).</p>
<p style="text-align: justify;">Ciò sulla base dell’<strong><em>equivalenza formativa di tutti i percorsi di studio del biennio della scuola secondaria (Art. 2, comma 2, D.M. 139/07).</em></strong> Il <a href="http://www.edscuola.it/archivio/norme/decreti/regolamento_obbligo.pdf">Regolamento recante norme in materia di adempimento dell’obbligo di istruzione DM 139/07 </a>evidenzia la caratteristica di flessibilità dei percorsi scolastici ed anche <a href="http://www.edscuola.it/archivio/norme/programmi/lineeguida_obbligo.pdf">le Linee guida per l’innalzamento dell’obbligo di istruzione</a> invitano ad utilizzare la flessibilità per “<em>favorire eventuali passaggi tra percorsi di studio diversi</em>”, in quanto la valutazione e la certificazione hanno “<em>l’obiettivo prioritario di sostenere i processi di apprendimento dei giovani e il loro orientamento, anche ai fini di facilitare i passaggi tra i diversi ordini e indirizzi di studio, allo scopo di far conseguire un diploma di istruzione secondaria superiore o almeno una qualifica professionale a tutti i giovani entro il 18° anno di età</em>. La <a href="http://www.edscuola.it/archivio/norme/leggi/l053_03.pdf">L 53/03</a> all’art. 2 lettera i) prevede che debba essere “<em>assicurata e assistita</em>” la possibilità di cambiare indirizzo scolastico mediante “<em>apposite iniziative didattiche, finalizzate all’acquisizione di una</em> <em>preparazione adeguata alla nuova scelta</em>”.</p>
<h2 style="text-align: justify;">Recupero anni scolastici Roma e provincia.</h2>
<p>Recupero anni scolastici Roma e provincia come è possbile farlo? Recuperare una bocciatura è possibile grazie agli esami di idoneità. Scopri come.  Come si fa a recuperare gli anni scolastici?</p>
</div>
</div>

<p>Gli esami nella scuola secondaria di Secondo Grado &#8211; Come si fa a recuperare anni scolastici? Recupero anni scolastici come è possibile farlo? Esistono varie tipologie di esame nell’ambito della scuola&#8230; </p>
